, 5189
List the prime factors of 512.
2
List the prime factors of 636.
2, 3, 53
What are the prime factors of 63934?
2, 13, 2459
What are the prime factors of 3036?
2, 3, 11, 23
List the prime factors of 596.
2, 149
List the prime factors of 724.
2, 181
What are the prime factors of 177173?
177173
What are the prime factors of 10639?
10639
What are the prime factors of 61052?
2, 15263
What are the prime factors of 1273?
19, 67
List the prime factors of 1229.
1229
What are the prime factors of 23743?
23743
List the prime factors of 109083.
3, 13, 2797
List the prime factors of 4524.
2, 3, 13, 29
List the prime factors of 53332.
2, 67, 199
List the prime factors of 1820.
2, 5, 7, 13
List the prime factors of 65.
5, 13
What are the prime factors of 19626?
2, 3, 3271
List the prime factors of 898.
2, 449
What are the prime factors of 85930?
2, 5, 13, 661
What are the prime factors of 8906?
2, 61, 73
List the prime factors of 3050.
2, 5, 61
List the prime factors of 4138.
2, 2069
What are the prime factors of 860?
2, 5, 43
List the prime factors of 51070.
2, 5, 5107
What are the prime factors of 61227?
3, 6803
List the prime factors of 1018.
2, 509
List the prime factors of 7648.
2, 239
List the prime factors of 14482.
2, 13, 557
List the prime factors of 22206.
2, 3, 3701
List the prime factors of 3303.
3, 367
What are the prime factors of 31478?
2, 15739
What are the prime factors of 48381?
3, 16127
List the prime factors of 6662.
2, 3331
What are the prime factors of 1959?
3, 653
List the prime factors of 20695.
5, 4139
List the prime factors of 2058.
2, 3, 7
What are the prime factors of 904?
2, 113
List the prime factors of 3326.
2, 1663
List the prime factors of 84875.
5, 7, 97
What are the prime factors of 2153?
2153
What are the prime factors of 2959?
11, 269
List the prime factors of 81314.
2, 109, 373
List the prime factors of 76540.
2, 5, 43, 89
List the prime factors of 32292.
2, 3, 13, 23
List the prime factors of 1477.
7, 211
List the prime factors of 406.
2, 7, 29
List the prime factors of 6750.
2, 3, 5
What are the prime factors of 1279?
1279
What are the prime factors of 273?
3, 7, 13
What are the prime factors of 190?
2, 5, 19
What are the prime factors of 54625?
5, 19, 23
What are the prime factors of 515?
5, 103
List the prime factors of 31353.
3, 7, 1493
List the prime factors of 12219.
3, 4073
What are the prime factors of 70528?
2, 19, 29
What are the prime factors of 12331?
11, 19, 59
List the prime factors of 1585.
5, 317
List the prime factors of 5616.
2, 3, 13
What are the prime factors of 10676?
2, 17, 157
What are the prime factors of 106309?
7, 15187
What are the prime factors of 1545?
3, 5, 103
What are the prime factors of 3948?
2, 3, 7, 47
List the prime factors of 17126.
2, 8563
List the prime factors of 45929.
13, 3533
List the prime factors of 38423.
7, 11, 499
What are the prime factors of 254?
2, 127
List the prime factors of 1381.
1381
What are the prime factors of 912?
2, 3, 19
What are the prime factors of 2069?
2069
What are the prime factors of 8752?
2, 547
What are the prime factors of 1861?
1861
What are the prime factors of 1802?
2, 17, 53
What are the prime factors of 4427?
19, 233
List the prime factors of 1962.
2, 3, 109
What are the prime factors of 6201?
3, 13, 53
What are the prime factors of 385?
5, 7, 11
List the prime factors of 63148.
2, 15787
List the prime factors of 9926.
2, 7, 709
What are the prime factors of 640?
2, 5
What are the prime factors of 23514?
2, 3, 3919
List the prime factors of 126.
2, 3, 7
List the prime factors of 37409.
37409
What are the prime factors of 9122?
2, 4561
List the prime factors of 14164.
2, 3541
What are the prime factors of 3192?
2, 3, 7, 19
List the prime factors of 2132.
2, 13, 41
What are the prime factors of 559?
13, 43
What are the prime factors of 9133?
9133
List the prime factors of 922.
2, 461
List the prime factors of 1317.
3, 439
What are the prime factors of 67883?
67883
What are the prime factors of 6321?
3, 7, 43
List the prime factors of 58629.
3, 19543
What are the prime factors of 2488?
2, 311
What are the prime factors of 40552?
2, 37, 137
What are the prime factors of 13237?
7, 31, 61
List the prime factors of 718.
2, 359
What are the prime factors of 1849?
43
What are the prime factors of 1307?
1307
What are the prime factors of 17398?
2, 8699
List the prime factors of 16359.
3, 7, 19, 41
What are the prime factors of 4469?
41, 109
List the prime factors of 5976.
2, 3, 83
What are the prime factors of 1490?
2, 5, 149
List the prime factors of 15075.
3, 5, 67
What are the prime factors of 20244?
2, 3, 7, 241
List the prime factors of 7384.
2, 13, 71
List the prime factors of 38450.
2, 5, 769
What are the prime factors of 46363?
71, 653
List the prime factors of 5.
5
What are the prime factors of 2130?
2, 3, 5, 71
List the prime factors of 2606.
2, 1303
List the prime factors of 102399.
3, 11, 29, 107
List the prime factors of 25645.
5, 23, 223
List the prime factors of 1684.
2, 421
What are the prime factors of 28860?
2, 3, 5, 13, 37
What are the prime factors of 111554?
2, 17, 193
List the prime factors of 626.
2, 313
What are the prime factors of 1559?
1559
List the prime factors of 22374.
2, 3, 11, 113
List the prime factors of 41510.
2, 5, 7, 593
What are the prime factors of 251?
251
What are the prime factors of 69840?
2, 3, 5, 97
What are the prime factors of 5140?
2, 5, 257
List the prime factors of 1964.
2, 491
What are the prime factors of 56121?
3, 13, 1439
List the prime factors of 3615.
3, 5, 241
What are the prime factors of 19578?
2, 3, 13, 251
List the prime factors of 16106.
2, 8053
What are the prime factors of 85720?
2, 5, 2143
What are the prime factors of 418?
2, 11, 19
List the prime factors of 280.
2, 5, 7
What are the prime factors of 114726?
2, 3, 19121
List the prime factors of 61633.
11, 13, 431
List the prime factors of 2007.
3, 223
What are the prime factors of 3015?
3, 5, 67
List the prime factors of 12930.
2, 3, 5, 431
What are the prime factors of 19805?
5, 17, 233
What are the prime factors of 846?
2, 3, 47
What are the prime factors of 1361?
1361
What are the prime factors of 3619?
7, 11, 47
What are the prime factors of 36447?
3, 12149
List the prime factors of 5143.
37, 139
List the prime factors of 25840.
2, 5, 17, 19
List the prime factors of 3329.
3329
List the prime factors of 2247.
3, 7, 107
List the prime factors of 14841.
3, 17, 97
What are the prime factors of 15152?
2, 947
What are the prime factors of 4885?
5, 977
What are the prime factors of 3210?
2, 3, 5, 107
List the prime factors of 452.
2, 113
What are the prime factors of 32113?
17, 1889
List the prime factors of 2130.
2, 3, 5, 71
List the prime factors of 30798.
2, 3, 29, 59
List the prime factors of 9656.
2, 17, 71
List the prime factors of 8161.
8161
What are the prime factors of 8970?
2, 3, 5, 13, 23
What are the prime factors of 28582?
2, 31, 461
List the prime factors of 929.
929
List the prime factors of 662.
2, 331
List the prime factors of 107710.
2, 5, 10771
What are the prime factors of 6279?
3, 7, 13, 23
What are the prime factors of 1134?
2, 3, 7
What are the prime factors of 12539?
12539
What are the prime factors of 55377?
3, 7, 293
List the prime factors of 920.
2, 5, 23
What are the prime factors of 3420?
2, 3, 5, 19
What are the prime factors of 33899?
109, 311
List the prime factors of 6443.
17, 379
What are the prime factors of 1200?
2, 3, 5
List the prime factors of 40.
2, 5
List the prime factors of 2241.
3, 83
What are the prime factors of 30300?
2, 3, 5, 101
What are the prime factors of 73626?
2, 3, 7, 1753
What are the prime factors of 153623?
153623
List the prime factors of 1304.
2, 163
What are the prime factors of 2274?
2, 3, 379
What are the prime factors of 8590?
2, 5, 859
What are the prime factors of 171?
3, 19
List the prime factors of 13841.
13841
What are the prime factors of 1211?
7, 173
What are the prime factors of 23154?
2, 3, 17, 227
List the prime factors of 390.
2, 3, 5, 13
What are the prime factors of 2289?
3, 7, 109
List the prime factors of 34097.
7, 4871
What are the prime factors of 1411?
17, 83
List the prime factors of 26613.
3, 2957
What are the prime factors of 3144?
2, 3, 131
Li